{"id":15410,"date":"2018-09-06T11:27:17","date_gmt":"2018-09-06T10:27:17","guid":{"rendered":"http:\/\/zetagradnja.com\/?page_id=15410"},"modified":"2023-04-18T12:46:57","modified_gmt":"2023-04-18T11:46:57","slug":"karijera","status":"publish","type":"page","link":"https:\/\/zetagradnja.com\/?page_id=15410","title":{"rendered":"Karijera"},"content":{"rendered":"<div class=\"fusion-fullwidth fullwidth-box fusion-builder-row-1 nonhundred-percent-fullwidth non-hundred-percent-height-scrolling\" style=\"background-color: rgba(255,255,255,0);background-position: center center;background-repeat: no-repeat;padding-top:0px;padding-right:0px;padding-bottom:0px;padding-left:0px;margin-bottom: 0px;margin-top: 0px;border-width: 0px 0px 0px 0px;border-color:#eae9e9;border-style:solid;\" ><div class=\"fusion-builder-row fusion-row\"><div class=\"fusion-layout-column fusion_builder_column fusion-builder-column-0 fusion_builder_column_1_3 1_3 fusion-one-third fusion-column-first\" style=\"width:33.333333333333%;width:calc(33.333333333333% - ( ( 4% ) * 0.33333333333333 ) );margin-right: 4%;margin-top:0px;margin-bottom:20px;\"><div class=\"fusion-column-wrapper fusion-flex-column-wrapper-legacy\" style=\"background-position:left top;background-repeat:no-repeat;-webkit-background-size:cover;-moz-background-size:cover;-o-background-size:cover;background-size:cover;padding: 0px 0px 0px 0px;\"><span class=\" fusion-imageframe imageframe-glow imageframe-1 hover-type-zoomin\" style=\"border-radius:5px;-webkit-box-shadow: 0 0 3px rgba(141,212,244,0.3);box-shadow: 0 0 3px rgba(141,212,244,0.3);\"><img width=\"618\" image_height=\"351\" image_id=\"15411\" title=\"consulting-civil-engineer\" src=\"http:\/\/zetagradnja.com\/wp-content\/uploads\/2018\/09\/consulting-civil-engineer.jpg\" class=\"img-responsive wp-image-15411\" srcset=\"https:\/\/zetagradnja.com\/wp-content\/uploads\/2018\/09\/consulting-civil-engineer-200x114.jpg 200w, https:\/\/zetagradnja.com\/wp-content\/uploads\/2018\/09\/consulting-civil-engineer-400x227.jpg 400w, https:\/\/zetagradnja.com\/wp-content\/uploads\/2018\/09\/consulting-civil-engineer-600x341.jpg 600w, https:\/\/zetagradnja.com\/wp-content\/uploads\/2018\/09\/consulting-civil-engineer.jpg 618w\" sizes=\"(max-width: 1065px) 100vw, 400px\" \/><\/span><div class=\"fusion-clearfix\"><\/div><\/div><\/div><div class=\"fusion-layout-column fusion_builder_column fusion-builder-column-1 fusion_builder_column_2_3 2_3 fusion-two-third fusion-column-last\" style=\"width:66.666666666667%;width:calc(66.666666666667% - ( ( 4% ) * 0.66666666666667 ) );margin-top:0px;margin-bottom:20px;\"><div class=\"fusion-column-wrapper fusion-flex-column-wrapper-legacy\" style=\"background-position:left top;background-repeat:no-repeat;-webkit-background-size:cover;-moz-background-size:cover;-o-background-size:cover;background-size:cover;padding: 0px 0px 0px 0px;\"><style type=\"text\/css\"><\/style><div class=\"fusion-title title fusion-title-1 fusion-title-text fusion-title-size-three\" style=\"margin-top:10px;margin-bottom:15px;\"><h3 class=\"title-heading-left\" style=\"margin:0;\">ZETAGRADNJA DOO PODGORICA ZAPO\u0160LJAVA !<\/h3><div class=\"title-sep-container\"><div class=\"title-sep sep-double\" style=\"border-color:#e0dede;\"><\/div><\/div><\/div><div class=\"fusion-text fusion-text-1\"><p><strong>OGLAS ZA POSAO<\/strong><\/p>\n<p>\u017delite da radite u jednoj od najpresti\u017enijih gra\u0111evinskih firmi u Crnoj Gori? Odgovorni ste, \u017eeljni znanja i rada, spremni za nove izazove i timski rad?<\/p>\n<p>\u201eZetagradnja\u201c DOO Podgorica zapo\u0161ljava, prijavi se!<\/p>\n<p><strong>Radno mjesto<\/strong>:<\/p>\n<ul>\n<li>Gra\u0111evinski in\u017eenjer\/ka, smjer konstruktivni, mjesto rada Podgorica &#8211; projektantski biro 2 (dva\/ije) izvr\u0161ioca\/teljke.<\/li>\n<\/ul>\n<p><strong>Uslovi<\/strong>:<\/p>\n<ul>\n<li>Gra\u0111evinski fakultet, VII-1 nivo, smjer konstruktivni;<\/li>\n<li>Najmanje godinu dana radnog iskustva na izradi tehni\u010dke dokumentacije &#8211; projektovanju;<\/li>\n<li>Poznavanje rada na ra\u010dunaru i programu AutoCad, ArmCad;<\/li>\n<\/ul>\n<p><strong>Prednosti: <\/strong>posjedovanje licence ovla\u0161\u0107enog in\u017eenjera\/ke za izradu tehni\u010dke dokumentacije i rukovo\u0111enje gra\u0111enjem, \u00a0poznavanje engleskog jezika.<\/p>\n<p>Zainteresovani kandidati mogu poslati svoj CV na mail <a href=\"mailto:jokic.miroslav@zetagradnja.com\">jokic.miroslav@zetagradnja.com<\/a> i <a href=\"mailto:ruzica@zetagradnja.com\">ruzica@zetagradnja.com<\/a>, najkasnije do 05.05.2023.godine.<\/p>\n<p>Samo kandidati\/kinje koji ispunjavaju gore navedene uslove bi\u0107e uzeti u razmatranje.<\/p>\n<\/div><div class=\"fusion-clearfix\"><\/div><\/div><\/div><\/div><\/div>\n","protected":false},"excerpt":{"rendered":"","protected":false},"author":1,"featured_media":0,"parent":0,"menu_order":0,"comment_status":"closed","ping_status":"closed","template":"","meta":{"_bbp_topic_count":0,"_bbp_reply_count":0,"_bbp_total_topic_count":0,"_bbp_total_reply_count":0,"_bbp_voice_count":0,"_bbp_anonymous_reply_count":0,"_bbp_topic_count_hidden":0,"_bbp_reply_count_hidden":0,"_bbp_forum_subforum_count":0},"_links":{"self":[{"href":"https:\/\/zetagradnja.com\/index.php?rest_route=\/wp\/v2\/pages\/15410"}],"collection":[{"href":"https:\/\/zetagradnja.com\/index.php?rest_route=\/wp\/v2\/pages"}],"about":[{"href":"https:\/\/zetagradnja.com\/index.php?rest_route=\/wp\/v2\/types\/page"}],"author":[{"embeddable":true,"href":"https:\/\/zetagradnja.com\/index.php?rest_route=\/wp\/v2\/users\/1"}],"replies":[{"embeddable":true,"href":"https:\/\/zetagradnja.com\/index.php?rest_route=%2Fwp%2Fv2%2Fcomments&post=15410"}],"version-history":[{"count":14,"href":"https:\/\/zetagradnja.com\/index.php?rest_route=\/wp\/v2\/pages\/15410\/revisions"}],"predecessor-version":[{"id":17190,"href":"https:\/\/zetagradnja.com\/index.php?rest_route=\/wp\/v2\/pages\/15410\/revisions\/17190"}],"wp:attachment":[{"href":"https:\/\/zetagradnja.com\/index.php?rest_route=%2Fwp%2Fv2%2Fmedia&parent=15410"}],"curies":[{"name":"wp","href":"https:\/\/api.w.org\/{rel}","templated":true}]}}