{"id":13051,"date":"2014-10-11T14:59:42","date_gmt":"2014-10-11T13:59:42","guid":{"rendered":"http:\/\/theme-fusion.com\/avada_demos\/portfolio\/?page_id=10887"},"modified":"2023-09-19T11:58:26","modified_gmt":"2023-09-19T10:58:26","slug":"kontakt","status":"publish","type":"page","link":"https:\/\/zetagradnja.com\/?page_id=13051","title":{"rendered":"Kontakt"},"content":{"rendered":"<p><div class=\"fusion-fullwidth fullwidth-box fusion-builder-row-1 hundred-percent-fullwidth non-hundred-percent-height-scrolling\" style=\"background-color: rgba(255,255,255,0);background-position: left top;background-repeat: no-repeat;padding-top:0px;padding-right:0px;padding-bottom:0px;padding-left:0px;margin-bottom: 0px;margin-top: 0px;border-width: 0px 0px 0px 0px;border-color:#eae9e9;border-style:solid;\" ><div class=\"fusion-builder-row fusion-row\"><div class=\"fusion-layout-column fusion_builder_column fusion-builder-column-0 fusion_builder_column_1_1 1_1 fusion-one-full fusion-column-first fusion-column-last fusion-column-no-min-height\" style=\"margin-top:0px;margin-bottom:0px;\"><div class=\"fusion-column-wrapper fusion-flex-column-wrapper-legacy\" style=\"background-position:left top;background-repeat:no-repeat;-webkit-background-size:cover;-moz-background-size:cover;-o-background-size:cover;background-size:cover;padding: 0px 0px 0px 0px;\">\t\t\t\t\t<script type=\"text\/javascript\">\n\t\t\t\t\t\tvar map_fusion_map_6a071c1710ec4;\n\t\t\t\t\t\tvar markers = [];\n\t\t\t\t\t\tvar counter = 0;\n\t\t\t\t\t\t\t\t\t\t\t\t\t\t\t\t\t\t\t\tvar fusionMapNonce = '0372c1787b';\n\t\t\t\t\t\t\t\t\t\t\t\tfunction fusion_run_map_fusion_map_6a071c1710ec4() {\n\t\t\t\t\t\t\tjQuery('#fusion_map_6a071c1710ec4').fusion_maps({\n\t\t\t\t\t\t\t\taddresses: [{\"address\":\"Ivana Crnojevi\\u0107a 99, Podgorica\",\"infobox_content\":\"Avda Me\\u0111edovi\\u0107a BB, 81000 Podgorica\",\"marker\":\"http:\\\/\\\/zetagradnja.com\\\/wp-content\\\/uploads\\\/2015\\\/11\\\/Geo-512.png\",\"coordinates\":false,\"cache\":false}],\n\t\t\t\t\t\t\t\tanimations: true,\n\t\t\t\t\t\t\t\tinfobox_background_color: 'rgba(000,000,000,.4)',\n\t\t\t\t\t\t\t\tinfobox_styling: 'custom',\n\t\t\t\t\t\t\t\tinfobox_text_color: '#ffffff',\n\t\t\t\t\t\t\t\tmap_style: 'custom',\n\t\t\t\t\t\t\t\tmap_type: 'roadmap',\n\t\t\t\t\t\t\t\tmarker_icon: 'http:\/\/zetagradnja.com\/wp-content\/uploads\/2015\/11\/Geo-512.png',\n\t\t\t\t\t\t\t\toverlay_color: '#6796bf',\n\t\t\t\t\t\t\t\toverlay_color_hsl: {\"hue\":208,\"sat\":41,\"lum\":58},\n\t\t\t\t\t\t\t\tpan_control: true,\n\t\t\t\t\t\t\t\tshow_address: false,\n\t\t\t\t\t\t\t\tscale_control: false,\n\t\t\t\t\t\t\t\tscrollwheel: false,\n\t\t\t\t\t\t\t\tzoom: 16,\n\t\t\t\t\t\t\t\tzoom_control: true,\n\t\t\t\t\t\t\t});\n\t\t\t\t\t\t}\n\n\t\t\t\t\t\tgoogle.maps.event.addDomListener(window, 'load', fusion_run_map_fusion_map_6a071c1710ec4);\n\t\t\t\t\t<\/script>\n\t\t\t\t\t<div class=\"shortcode-map fusion-google-map fusion-maps-js-type\" id=\"fusion_map_6a071c1710ec4\" style=\"height:520px;width:100%;\"><\/div><div class=\"fusion-clearfix\"><\/div><\/div><\/div><\/div><\/div><div class=\"fusion-fullwidth fullwidth-box fusion-builder-row-2 nonhundred-percent-fullwidth non-hundred-percent-height-scrolling\" style=\"background-color: rgba(255,255,255,0);background-position: left top;background-repeat: no-repeat;padding-top:55px;padding-right:30px;padding-bottom:20px;padding-left:30px;margin-bottom: 0px;margin-top: 0px;border-width: 0px 0px 0px 0px;border-color:#eae9e9;border-style:solid;\" ><div class=\"fusion-builder-row fusion-row\"><div class=\"fusion-layout-column fusion_builder_column fusion-builder-column-1 fusion_builder_column_1_1 1_1 fusion-one-full fusion-column-first fusion-column-last fusion-column-no-min-height\" style=\"margin-top:0px;margin-bottom:0px;\"><div class=\"fusion-column-wrapper fusion-flex-column-wrapper-legacy\" style=\"background-position:left top;background-repeat:no-repeat;-webkit-background-size:cover;-moz-background-size:cover;-o-background-size:cover;background-size:cover;padding: 0px 0px 0px 0px;\"><div class=\"fusion-flip-boxes flip-boxes row fusion-columns-3 flip-effect-classic\"><div class=\"fusion-flip-box-wrapper fusion-column col-lg-4 col-md-4 col-sm-4\"><div class=\"fusion-flip-box flip-right fusion-animated\" tabindex=\"0\" data-animationType=\"flash\" data-animationDuration=\"1\" data-animationOffset=\"100%\"><div class=\"flip-box-inner-wrapper\"><div class=\"flip-box-front\" style=\"background-color:rgba(000,000,000,.05);border-color:transparent;border-radius:4px;border-style:solid;border-width:0px;color:#747474;transition-duration:0.8s;\"><div class=\"flip-box-front-inner\"><div class=\"flip-box-grafix flip-box-circle\" style=\"background-color:#4a4e57;border-color:#000000;\"><i aria-hidden=\"true\" class=\" fa fa-envelope-o fa-spin\" style=\"color:#000000;\"><\/i><\/div><h2 class=\"flip-box-heading without-text\" style=\"color:#333333;\">Informi\u0161ite se o proizvodu<\/h2><\/div><\/div><div class=\"flip-box-back\" style=\"background-color:#6796bf;border-color:transparent;border-radius:4px;border-style:solid;border-width:0px;color:#ffffff;transition-duration:0.8s;\"><div class=\"flip-box-back-inner\">Saznajte iz prve ruke sve \u0161to Vas zanima o na\u0161oj ponudi, stanovima, lokalima, gara\u017eama !<\/div><\/div><\/div><\/div><\/div><div class=\"fusion-flip-box-wrapper fusion-column col-lg-4 col-md-4 col-sm-4\"><div class=\"fusion-flip-box flip-right fusion-animated\" tabindex=\"0\" data-animationType=\"bounce\" data-animationDuration=\"1\" data-animationOffset=\"100%\"><div class=\"flip-box-inner-wrapper\"><div class=\"flip-box-front\" style=\"background-color:rgba(000,000,000,.05);border-color:transparent;border-radius:4px;border-style:solid;border-width:0px;color:#747474;transition-duration:0.8s;\"><div class=\"flip-box-front-inner\"><div class=\"flip-box-grafix flip-box-circle\" style=\"background-color:#4a4e57;border-color:#000000;\"><i aria-hidden=\"true\" class=\" fa fa-envelope-o fa-spin\" style=\"color:#000000;\"><\/i><\/div><h2 class=\"flip-box-heading without-text\" style=\"color:#333333;\">Ponudite nam saradnju<\/h2><\/div><\/div><div class=\"flip-box-back\" style=\"background-color:#e0be8a;border-color:transparent;border-radius:4px;border-style:solid;border-width:0px;color:#ffffff;transition-duration:0.8s;\"><div class=\"flip-box-back-inner\">Javite nam se ukoliko mislite da mo\u017eemo sara\u0111ivati i u\u010dinjeti na\u0161 proizvod bolji i kvalitetnijim.<\/div><\/div><\/div><\/div><\/div><div class=\"fusion-flip-box-wrapper fusion-column col-lg-4 col-md-4 col-sm-4\"><div class=\"fusion-flip-box flip-right fusion-animated\" tabindex=\"0\" data-animationType=\"shake\" data-animationDuration=\"1\" data-animationOffset=\"100%\"><div class=\"flip-box-inner-wrapper\"><div class=\"flip-box-front\" style=\"background-color:rgba(000,000,000,.05);border-color:transparent;border-radius:4px;border-style:solid;border-width:0px;color:#747474;transition-duration:0.8s;\"><div class=\"flip-box-front-inner\"><div class=\"flip-box-grafix flip-box-circle\" style=\"background-color:#4a4e57;border-color:#000000;\"><i aria-hidden=\"true\" class=\" fa fa-envelope-o fa-spin\" style=\"color:#000000;\"><\/i><\/div><h2 class=\"flip-box-heading without-text\" style=\"color:#333333;\">Reklamacije i pohvale<\/h2><\/div><\/div><div class=\"flip-box-back\" style=\"background-color:#b6c387;border-color:transparent;border-radius:4px;border-style:solid;border-width:0px;color:#ffffff;transition-duration:0.8s;\"><div class=\"flip-box-back-inner\">Kritikujte, pohvalite, predlo\u017eite ! Tu smo za Vas i \u017eelimo da \u010dujemo Va\u0161e mi\u0161ljenje .<\/div><\/div><\/div><\/div><\/div><\/div><div class=\"clearfix\"><\/div><div class=\"fusion-clearfix\"><\/div><\/div><\/div><\/div><\/div><div class=\"fusion-fullwidth fullwidth-box fusion-builder-row-3 nonhundred-percent-fullwidth non-hundred-percent-height-scrolling\" style=\"background-color: rgba(255,255,255,0);background-position: left top;background-repeat: repeat;padding-top:20px;padding-right:30px;padding-bottom:20px;padding-left:30px;margin-bottom: 0px;margin-top: 0px;border-width: 0px 0px 0px 0px;border-color:#eae9e9;border-style:solid;\" ><div class=\"fusion-builder-row fusion-row\"><div class=\"fusion-layout-column fusion_builder_column fusion-builder-column-2 fusion_builder_column_1_2 1_2 fusion-one-half fusion-column-first\" style=\"width:48%; margin-right: 4%;margin-top:0px;margin-bottom:20px;\"><div class=\"fusion-column-wrapper fusion-flex-column-wrapper-legacy\" style=\"background-position:left top;background-repeat:no-repeat;-webkit-background-size:cover;-moz-background-size:cover;-o-background-size:cover;background-size:cover;border-width: 0px 0px 0px 0px;border-color:#1e73be;border-style:solid;padding: 0px 0px 0px 0px;\"><div class=\"imageframe-align-center\"><span class=\" fusion-imageframe imageframe-none imageframe-1 hover-type-none\"><img image_id=\"0\" src=\"http:\/\/zetagradnja.com\/wp-content\/uploads\/2015\/11\/ZETAGRADNJA-LOGO.png\" class=\"img-responsive\"\/><\/span><\/div><div class=\"fusion-sep-clear\"><\/div><div class=\"fusion-separator\" style=\"margin-left: auto;margin-right: auto;margin-top:25px;margin-bottom:25px;width:100%;max-width:200px;\"><\/div><div class=\"fusion-sep-clear\"><\/div><div class=\"fusion-text fusion-text-1\"><h3 style=\"text-align: center;\">Voljeli bismo da Vas upoznamo li\u010dno ili putem Web-a!<\/h3>\n<\/div><div class=\"fusion-sep-clear\"><\/div><div class=\"fusion-separator\" style=\"margin-left: auto;margin-right: auto;margin-top:5px;margin-bottom:20px;width:100%;max-width:200px;\"><div class=\"fusion-separator-border sep-single sep-solid\" style=\"border-color:#e0e0e0;border-top-width:1px;\"><\/div><\/div><div class=\"fusion-sep-clear\"><\/div><div class=\"fusion-text fusion-text-2\"><p style=\"text-align: center;\">Na raspolaganju smo Vam svakog radnog dana u terminu od 08:00 h do\u00a016:00h<\/p>\n<p style=\"text-align: center;\"><strong>Adresa:<\/strong> Ivana Crnojevi\u0107a 99\/2, Podgorica<br \/>\n<strong>Telefon:\u00a0<\/strong>+382 20 610 115<br \/>\n<strong>Fax:<\/strong>\u00a0+382 20 610 155<br \/>\n<strong>Email:\u00a0<\/strong>zetagradnja@t-com.me<\/p>\n<\/div><div class=\"fusion-clearfix\"><\/div><\/div><\/div><div class=\"fusion-layout-column fusion_builder_column fusion-builder-column-3 fusion_builder_column_1_2 1_2 fusion-one-half fusion-column-last\" style=\"width:48%;margin-top:0px;margin-bottom:20px;\"><div class=\"fusion-column-wrapper fusion-flex-column-wrapper-legacy\" style=\"background-position:left top;background-repeat:no-repeat;-webkit-background-size:cover;-moz-background-size:cover;-o-background-size:cover;background-size:cover;padding: 0px 0px 0px 0px;\"><div role=\"form\" class=\"wpcf7\" id=\"wpcf7-f13035-o1\" lang=\"en-US\" dir=\"ltr\">\n<div class=\"screen-reader-response\" role=\"alert\" aria-live=\"polite\"><\/div>\n<form action=\"\/index.php?rest_route=%2Fwp%2Fv2%2Fpages%2F13051#wpcf7-f13035-o1\" method=\"post\" class=\"wpcf7-form init\" novalidate=\"novalidate\">\n<div style=\"display: none;\">\n<input type=\"hidden\" name=\"_wpcf7\" value=\"13035\" \/>\n<input type=\"hidden\" name=\"_wpcf7_version\" value=\"5.2.2\" \/>\n<input type=\"hidden\" name=\"_wpcf7_locale\" value=\"en_US\" \/>\n<input type=\"hidden\" name=\"_wpcf7_unit_tag\" value=\"wpcf7-f13035-o1\" \/>\n<input type=\"hidden\" name=\"_wpcf7_container_post\" value=\"0\" \/>\n<input type=\"hidden\" name=\"_wpcf7_posted_data_hash\" value=\"\" \/>\n<\/div>\n<p>Va\u0161e ime (potrebno)<br \/>\n    <span class=\"wpcf7-form-control-wrap your-name\"><input type=\"text\" name=\"your-name\" value=\"\" size=\"40\" class=\"wpcf7-form-control wpcf7-text wpcf7-validates-as-required\" aria-required=\"true\" aria-invalid=\"false\" \/><\/span> <\/p>\n<p>Va\u0161 Email (potrebno)<br \/>\n    <span class=\"wpcf7-form-control-wrap your-email\"><input type=\"email\" name=\"your-email\" value=\"\" size=\"40\" class=\"wpcf7-form-control wpcf7-text wpcf7-email wpcf7-validates-as-required wpcf7-validates-as-email\" aria-required=\"true\" aria-invalid=\"false\" \/><\/span> <\/p>\n<p>Izaberi primaoca (potrebno)<br \/>\n<span class=\"wpcf7-form-control-wrap your-recipient\"><select name=\"your-recipient\" class=\"wpcf7-form-control wpcf7-select wpcf7-validates-as-required\" aria-required=\"true\" aria-invalid=\"false\"><option value=\"\"><\/option><option value=\"Finansije\">Finansije<\/option><option value=\"Izvr\u0161ni direktor\">Izvr\u0161ni direktor<\/option><option value=\"Komercijala\">Komercijala<\/option><option value=\"Marketing\">Marketing<\/option><option value=\"Pravna slu\u017eba\">Pravna slu\u017eba<\/option><option value=\"Priprema investicija\">Priprema investicija<\/option><option value=\"Prodaja\">Prodaja<\/option><option value=\"Ra\u010dunovodstvo\">Ra\u010dunovodstvo<\/option><option value=\"Reklamacije\">Reklamacije<\/option><option value=\"Tehni\u010dki sektor\">Tehni\u010dki sektor<\/option><\/select><\/span><\/p>\n<p>Predmet<br \/>\n    <span class=\"wpcf7-form-control-wrap your-subject\"><input type=\"text\" name=\"your-subject\" value=\"\" size=\"40\" class=\"wpcf7-form-control wpcf7-text\" aria-invalid=\"false\" \/><\/span> <\/p>\n<p>Va\u0161a poruka<br \/>\n    <span class=\"wpcf7-form-control-wrap your-message\"><textarea name=\"your-message\" cols=\"40\" rows=\"10\" class=\"wpcf7-form-control wpcf7-textarea\" aria-invalid=\"false\"><\/textarea><\/span> <\/p>\n<p><input type=\"submit\" value=\"\u0160alji\" class=\"wpcf7-form-control wpcf7-submit\" \/><\/p>\n<div class=\"fusion-alert alert custom alert-custom fusion-alert-center wpcf7-response-output alert-dismissable\" style=\"border-width:1px;\"><button type=\"button\" class=\"close toggle-alert\" data-dismiss=\"alert\" aria-hidden=\"true\">&times;<\/button><div class=\"fusion-alert-content-wrapper\"><span class=\"fusion-alert-content\"><\/span><\/div><\/div><\/form><\/div><div class=\"fusion-clearfix\"><\/div><\/div><\/div><\/div><\/div><\/p>\n","protected":false},"excerpt":{"rendered":"","protected":false},"author":1,"featured_media":0,"parent":0,"menu_order":5,"comment_status":"open","ping_status":"closed","template":"100-width.php","meta":{"_bbp_topic_count":0,"_bbp_reply_count":0,"_bbp_total_topic_count":0,"_bbp_total_reply_count":0,"_bbp_voice_count":0,"_bbp_anonymous_reply_count":0,"_bbp_topic_count_hidden":0,"_bbp_reply_count_hidden":0,"_bbp_forum_subforum_count":0},"_links":{"self":[{"href":"https:\/\/zetagradnja.com\/index.php?rest_route=\/wp\/v2\/pages\/13051"}],"collection":[{"href":"https:\/\/zetagradnja.com\/index.php?rest_route=\/wp\/v2\/pages"}],"about":[{"href":"https:\/\/zetagradnja.com\/index.php?rest_route=\/wp\/v2\/types\/page"}],"author":[{"embeddable":true,"href":"https:\/\/zetagradnja.com\/index.php?rest_route=\/wp\/v2\/users\/1"}],"replies":[{"embeddable":true,"href":"https:\/\/zetagradnja.com\/index.php?rest_route=%2Fwp%2Fv2%2Fcomments&post=13051"}],"version-history":[{"count":16,"href":"https:\/\/zetagradnja.com\/index.php?rest_route=\/wp\/v2\/pages\/13051\/revisions"}],"predecessor-version":[{"id":17200,"href":"https:\/\/zetagradnja.com\/index.php?rest_route=\/wp\/v2\/pages\/13051\/revisions\/17200"}],"wp:attachment":[{"href":"https:\/\/zetagradnja.com\/index.php?rest_route=%2Fwp%2Fv2%2Fmedia&parent=13051"}],"curies":[{"name":"wp","href":"https:\/\/api.w.org\/{rel}","templated":true}]}}